 Suppose -9*l = -j + 531. List the prime factors of l.
2, 3, 17
Let c = 3287 - -4371. What are the prime factors of c?
2, 7, 547
Let h = 119 - 115. Suppose 395 = y + h*y. Let c = y - -6. List the prime factors of c.
5, 17
Suppose -7 = -0*m - m. Let j be 4956/590*(10/6 + 0). What are the prime factors of j - (m + -4 - (0 + 0))?
11
Suppose -2*h + 4 = -2*b, -5*h - 8 = 7. List the prime factors of b/35 + (-3)/((-63)/20919).
2, 3, 83
Let b(s) = 69*s**2 + 189*s + 2654. What are the prime factors of b(-18)?
2, 37, 73
Let u(z) = -2*z**3 - 13*z**2 + 9*z + 31. Let h be u(-13). Suppose -4*g + 0*a - 4*a = -2820, -3*g + a + h = 0. What are the prime factors of g?
2, 11
Let w = 363 - 358. List the prime factors of -5 + (0 + w/(-10))*-118.
2, 3
Suppose 53 = 4*u - 3*r, 2*u - 17 = -2*r - 1. Suppose 4*b - 1734 = -2*i, 7*b - 3*i = u*b - 1739. List the prime factors of b.
431
Suppose -1865 - 9845 = -2*z. List the prime factors of z.
5, 1171
Suppose 46*d - 50*d - 8676 = -4*k, -k + 2199 = 5*d. List the prime factors of k.
2, 1087
Let n(g) = 75*g**2 + 2*g + 6*g - 9*g. Suppose 0 = 3*x - 5*r + 13, x = 5*x - 5*r + 14. What are the prime factors of n(x)?
2, 19
Suppose -145*o + 121*o + 237000 = 0. What are the prime factors of o?
5, 79
Suppose -7*d + 2*d + 1676 = 3*b, -5 = d. Suppose -12*q + b = -441. List the prime factors of q.
2, 3, 7
Let m be 1/(-4)*(6 - (-234)/(-9)). Suppose 6*f = 5*f - m, -3*r + 3185 = 5*f. What are the prime factors of r?
2, 5, 107
Suppose -7*k - 16*k + 2*k = -290010. What are the prime factors of k?
2, 5, 1381
Let g(j) = 70*j + 132. Let h be g(-10). Let p = 740 - h. What are the prime factors of p?
2, 3, 109
Let r be (-12)/(-10)*60/36. Suppose q - 344 = y + 2*y, 0 = 3*q + r*y - 977. List the prime factors of q.
7, 47
Let d = 119 - 119. Suppose 0*h - 1590 = -5*h. Suppose d = 5*y - 222 - h. List the prime factors of y.
2, 3
Let u(r) = r**3 + 10 - 6*r - 4 + 4361*r**2 - 4361*r**2. Let j be u(2). List the prime factors of (-2608)/(-24) - -4 - j/3.
2, 7
Suppose -237*i + 9216 = -231*i. Suppose 0 = 13*r - i - 830. List the prime factors of r.
2, 7, 13
Suppose 4*q - 12 = 0, g = q - 1298 + 4539. What are the prime factors of g?
2, 811
Let g(w) = -2542*w + 5230. What are the prime factors of g(-20)?
2, 3, 5, 7, 89
Let p(a) = 0*a - 18*a**2 - 135*a**3 + 129*a**3 - 4 - 1 + 4*a. What are the prime factors of p(-5)?
5, 11
Suppose -2*l - 62 = 5*k + l, -2*k - 31 = -5*l. Let n be (1 + k)/((-22)/55). Suppose 0 = -3*t - n + 183. What are the prime factors of t?
3, 17
What are the prime factors of 79704/(-9)*((-20)/8)/5?
2, 3, 41
Let m(j) = j**2 + j + 1. Let f(n) = -n**2 - 12*n - 8. Let k(w) = f(w) + 2*m(w). Let h be k(8). Let s = h - -149. List the prime factors of s.
127
Let k = -33784 + 65953. What are the prime factors of k?
3, 10723
Suppose 5*i = 16996 + 55904. What are the prime factors of i?
2, 3, 5
Suppose 10*i - 3*i = 1368 + 872. Let y be 1798/10 - 1/(-5). Let b = i - y. List the prime factors of b.
2, 5, 7
Let m be 1*14 - 10/(-5). Suppose -5*y + 69 = 3*q, -y + 1 - m = -q. What are the prime factors of 3/q + 77/6?
13
Suppose -3*w + 25464 = -3*r, 0 = -2*r + 8. List the prime factors of w.
2, 11, 193
Let l(p) = 4*p + 5*p - p**3 + 0*p**3 + 5 - 2. Let m be l(-4). Let v = m - -44. What are the prime factors of v?
3, 5
Let n(g) = 77*g**3 - 5*g**2 + 17*g - 46. What are the prime factors of n(5)?
9539
Suppose 7160 - 168 = 8*f. Suppose 2*z - 5*p + 3*p - f = 0, 4*z - 5*p - 1745 = 0. Suppose 0 = -w - 4*w + 2*o + z, 4*o = 0. What are the prime factors of w?
2, 11
Let o(i) = -46 + 87*i - 5 - 18 - 14. What are the prime factors of o(9)?
2, 5, 7
Let y be ((-4 + 2)*(-1)/1)/2. Let t be 5/5 + y + (-2 - 399). What are the prime factors of 2/(-6) - t/9?
2, 11
Let j be 16/(-28)*1*7/(-2). Suppose -2*m + 31 = 3*x, -j*m + 23 = 2*x - 3*m. Suppose x*g - 1063 = -40. List the prime factors of g.
3, 31
Let c(p) = -216*p + 423. Let f(y) = 325*y - 633. Let l(g) = 8*c(g) + 5*f(g). What are the prime factors of l(-11)?
2, 13
Let k(x) = 9*x**3 + 32*x**2 - 11*x - 9. What are the prime factors of k(7)?
3, 1523
Suppose -22*s - 4*v - 185451 = -27*s, -4*s = -2*v - 148368. What are the prime factors of s?
3, 5, 2473
What are the prime factors of 9/12 - 712784/(-64)?
2, 5569
Suppose 44*f - 49*f = -3*r - 207861, 4*f + 4*r = 166244. What are the prime factors of f?
2, 3, 433
What are the prime factors of (68 + 5)/(31/36332)?
2, 73, 293
Suppose 5 - 5 = -9*k. Suppose 455*b - 462*b + 2765 = k. List the prime factors of b.
5, 79
Suppose 4*o = -2*m, -2*o = -3*m - 4 + 12. What are the prime factors of (-1 + o)*(-732)/8?
3, 61
Suppose -3*p - 60*l + 32106 = -63*l, 3*l - 53558 = -5*p. What are the prime factors of p?
2, 2677
What are the prime factors of (-9)/(63/(-2758))*(5406/12)/17?
53, 197
Let r(o) = -91*o + 7. Let y(k) = -88*k + 7. Let b(g) = 4*r(g) - 5*y(g). Let i(f) = f - 4. Let z be i(7). What are the prime factors of b(z)?
13, 17
Let s = 11706 - 5552. List the prime factors of s.
2, 17, 181
Let c = -32943 + 48228. List the prime factors of c.
3, 5, 1019
Let a = -122 + 167. Suppose 0 = 4*v + 25 - a. List the prime factors of (0 + 1 - v) + 62.
2, 29
List the prime factors of 10*12/9*529140/200.
2, 8819
Let v(z) = 5098*z**3 + 2*z**2 - 6*z + 5. What are the prime factors of v(1)?
5099
Let u(b) = 4*b**2 - 6*b - 14. Let x be (-48)/(-10)*(-20)/(-8). Suppose 8 = 2*j + 2*t - x, 3*t = -4*j + 36. List the prime factors of u(j).
2, 47
Let u(i) = -2*i**3 + 4*i**2 - 2. Let n be u(2). List the prime factors of 238/1 - -2 - (6 + n).
2, 59
Let o(a) = 4*a**3 - 20*a**2 + 110*a - 90. Let t(y) = -3*y**3 + 13*y**2 - 73*y + 60. Let z(f) = 5*o(f) + 7*t(f). List the prime factors of z(-15).
3, 5, 7
Suppose 4*h - 2*j = 16416, 22*h - 4*j = 18*h + 16408. What are the prime factors of h?
2, 2053
What are the prime factors of (77/462*(-10922)/(-1))/(4/12)?
43, 127
Suppose 0 = -38*v + 256626 - 7289 + 84987. List the prime factors of v.
2, 53, 83
Let m(i) = 4*i**2 - 14*i - 81. Let s be m(-15). Suppose 0 = 6*j - 201 - s. List the prime factors of j.
5, 41
Suppose 6*j = -j + 10178. Suppose 0 = -4*z - 2*l + j, 2*l + 84 = -5*z + 1901. List the prime factors of z.
3, 11
Let g be (2 + -23)*84/18. Let v = g - -101. What are the prime factors of v?
3
List the prime factors of (-1775)/10*(-496)/40.
31, 71
Suppose -b - 2*n = 2*n - 3197, -3*n = -b + 3162. Suppose c - 5 = 0, -g - b = -5*g - c. What are the prime factors of g?
13, 61
Let f(j) = 8*j + 2. Let z be f(-1). Let r = 4 - z. Suppose 250 = 15*v - r*v. What are the prime factors of v?
2, 5
Let f(z) = -190*z - 327. Let u(i) = -371*i - 655. Let h(c) = 5*f(c) - 2*u(c). List the prime factors of h(-11).
13, 151
Let x = 90 - -612. Let v = -428 + x. List the prime factors of v.
2, 137
Let x be (-2)/12 + 153/(-54). What are the prime factors of 798/(-76)*164/x?
2, 7, 41
Let o(x) = 413*x + 10635. What are the prime factors of o(134)?
17, 3881
List the prime factors of (-20)/(-90) + 94056/(-324)*-6.
2, 13, 67
Suppose f + 4*b = 25014 + 13581, -77246 = -2*f - b. List the prime factors of f.
19, 107
Let h be -3 - (-396)/39 - (-6)/(-39). List the prime factors of h/7 + (-113)/(-2)*6.
2, 5, 17
Let z(s) = -11*s**2 - 22*s + 12. Let u be z(-9). Let v = 1243 + u. What are the prime factors of v?
2, 281
Let p be 3/(-2)*966/(-207). Let u(a) = 6*a + a + 7*a + 23. What are the prime factors of u(p)?
11
Suppose 14*m + 181 = 629. What are the prime factors of (-14019)/(-9) + m/(-48)?
3, 173
Let o = 7729 + -2201. Suppose -7*b - 306 + o = 0. List the prime factors of b.
2, 373
Suppose -15*s + 17630 = -47320. List the prime factors of s.
2, 5, 433
Let h be (24/9 + -1)*(-324)/(-45). Let v(n) = 4*n**2 - 7*n + 42. List the prime factors of v(h).
2, 3, 89
Suppose -4*g = 5*j + 8, -6 + 14 = -3*j - 4*g. Suppose -4*v - 56 + 1356 = j. What are the prime factors of v?
5, 13
Let v be 1 - 14*205/(-10). Suppose 6*x = 3*x + v. Let i = x - 30. List the prime factors of i.
2, 3, 11
Let q = 3325 + -718. List the prime factors of q.
3, 11, 79
Let b(v) = 3*v + 123. Let u be b(-25). Let f(h) = 27*h - 110. What are the prime factors of f(u)?
2, 593
Let r(q) = -2*q + 8. Let j be r(7). What are the prime factors of (-1)/j - 29691/(-54)?
2, 5, 11
Let s = -9447 - -14474. What are the prime factors of s?
11, 457
Suppose -4*t + 60 = -3*